+ 2*z - 14. Let g be s(6). Let h = g + -192. Suppose -5*t - m = -155, -2*m = -0 + 10. Calculate the remainder when h is divided by t.
30
Suppose -2*w = 4*u + 20, 4*w = -5*u + 2*w - 24. Suppose -23*f + 13 = d - 26*f, -4*d + 69 = 5*f. Calculate the remainder when d is divided by ((-9)/u)/(2/8).
7
Let v(b) = 54*b. Let a = -378 - -409. What is the remainder when v(1) is divided by a?
23
Suppose 4*f - 147 = f. Let j = -23 - -21. Let h = 15 + j. What is the remainder when f is divided by h?
10
Let t = 213 + -36. Calculate the remainder when t is divided by 18.
15
Let f be 2 - 3/6*-50. Let o(h) = 2*h**3 + 4*h - 3. What is the remainder when (1 + 5)*f/2 is divided by o(2)?
18
Suppose -123 = 3*o + 57. What is the remainder when (-8)/o + 10372/60 is divided by 44?
41
Let c(b) = b**2 + 6*b - 17. Let n(d) = 6*d**2 - 8. What is the remainder when c(-14) is divided by n(2)?
15
Let p = -7 - 5. What is the remainder when (p/(-9))/(2/66) is divided by 23?
21
Let q(w) = w**2 + 6*w - 14. Calculate the remainder when 1/((-88)/30 - -3) is divided by q(-8).
1
Calculate the remainder when (-17 - 7361/(-34))*(-4)/(-3) is divided by 45.
41
What is the remainder when 73 is divided by (-5 + 0)/((189/(-72))/21)?
33
Suppose -3*b - 5*b = -232. Calculate the remainder when 56 is divided by b.
27
Let s(i) = -i**2 - 4*i + 7. Let w be s(-5). Suppose 0 = -w*r + 6, g - 153 = -2*g - 4*r. What is the remainder when g is divided by (-20)/6*(-120)/25?
15
Let h = 126 - -251. What is the remainder when h is divided by 21?
20
Suppose -3*j - 2*f = -4, 3*j - 6*f = -f + 32. Suppose -5*x + j = n, n + x - 5 = -3*x. Suppose -n*s + 32 = -5*s. Calculate the remainder when s is divided by 2.
0
Suppose -4*t + 0*t - 2*q = -868, q = t - 211. What is the remainder when t is divided by 26?
7
Suppose 0 = o + 5, -2*g - 2*o = -3*g + 122. What is the remainder when g is divided by 38?
36
What is the remainder when 11/(1 - 35/42) is divided by 35?
31
Let x(b) = 58*b - 99. What is the remainder when x(9) is divided by 8?
7
Let c = -2506 + 2641. What is the remainder when c is divided by 37?
24
Suppose 314 = 9*z - 694. Let j = 159 - z. What is the remainder when j is divided by 8?
7
Let x be (-8)/(3 + 1) + 10. What is the remainder when ((-2)/(-7))/((-2)/(-14)) is divided by (-2 + 7)*x/20?
0
Let k = -505 - -852. Calculate the remainder when k is divided by 56.
11
Let p(q) = -10*q**3 - 10*q**3 - 12*q**2 - 12*q**3 - 2*q + 31*q**3 + 13. Let z = 22 - 34. What is the remainder when 147 is divided by p(z)?
36
Let r(b) = b**2 + 4*b - 1. Suppose 2262*k + 608 = 2270*k. Calculate the remainder when k is divided by r(-6).
10
Let x = 283 - 254. Calculate the remainder when x is divided by 10.
9
Let z = -30 - -51. Let y = 8 + z. Calculate the remainder when 56 is divided by y.
27
Let p be -3*(2 + (-24)/9). Suppose -4*f - 6 = 3*d - 73, 0 = 3*f - p*d - 46. Let x(m) = -5*m - 51. Calculate the remainder when x(-16) is divided by f.
13
What is the remainder when 68 is divided by ((-102)/357)/((-2)/49)?
5
Suppose 0 = d - 6 - 19. Suppose 4*f = 3*l + d, -5 - 2 = 2*f + 5*l. Suppose 2*y - f*y = -8. What is the remainder when y is divided by 3?
1
Let s(n) = -n**3 - 9*n**2 + 3. Let w be s(-6). Let i = 72 + w. Let y = 46 + i. Calculate the remainder when 36 is divided by y.
10
Suppose a = -4 + 5. Suppose -b - 3 = a, k = 2*b + 9. What is the remainder when 34/2 + (k - 3) is divided by 8?
7
Suppose -q - 54 = -s - 37, 5*s = 4*q + 89. What is the remainder when 58 is divided by s?
16
Suppose 1 = 2*j + 5. What is the remainder when (12/8)/(j/(-76)) is divided by 15?
12
Let h(m) = -4*m**3 + 54*m**2 - 9*m - 48. What is the remainder when h(12) is divided by 3?
0
Suppose -3*s - 24 - 1 = -2*n, 55 = 2*n + 3*s. Let i(q) = q**3 + 5*q**2 - 1. Calculate the remainder when i(-4) is divided by (-96)/40*n/(-6).
7
Let f(s) be the second derivative of -5*s**3/2 - 22*s**2 + 11*s + 2. What is the remainder when 321 is divided by f(-6)?
45
Let r be 4/(-10) - (-2)/5. Suppose 3*v + v - 8 = r. Suppose f - v*y = 3*f - 10, -5*y + 7 = 3*f. What is the remainder when 25 is divided by f?
7
Suppose 0 = -8*y + 3*y + 20. Calculate the remainder when 60 is divided by (17/y - 0)/(8/32).
9
Suppose 13*f - 8*f = 20. Let n be 0*1/f + -2. What is the remainder when 51 is divided by n/5 - (-822)/30?
24
Suppose -w - 22 + 107 = -39. Suppose -2*g - 2*f = -32, -20 = 4*g - 4*f - 68. What is the remainder when w is divided by g?
12
Let f(j) = -1 + 5 - 2 - 4 - 11*j. Let o be f(-1). Let v(d) = 8*d - 17. What is the remainder when v(o) is divided by 19?
17
Calculate the remainder when 225 is divided by (1 - -40) + -18 + 15.
35
What is the remainder when (((-21)/2)/(-7))/((-111)/(-9398)) is divided by 71?
56
Let o = -23 - -19. Let y(z) = z**3 + 4*z**2 - 4*z + 2. Suppose 5*b = -2*g + 25, -4*g + 19 = -2*g - b. Calculate the remainder when y(o) is divided by g.
8
Let t(o) = 12*o + 2. Suppose 78 = -4*m + 5*m. Suppose -3*v - m = -9*v. Calculate the remainder when t(3) is divided by v.
12
Let f = 371 + -264. Let y = f - 68. Let u = -25 + y. Calculate the remainder when 53 is divided by u.
11
Let n(h) = h + 9. Let v be n(-6). Suppose v*m + 6*o - 23 = o, 0 = -3*o - 15. Suppose 33*c - 5*c - 222 = 58. Calculate the remainder when m is divided by c.
6
Let j(c) = 3*c**3 - 4*c**2 + 20. Calculate the remainder when j(6) is divided by 75.
74
Let f = -148 + 224. Let b = 55 + -23. Calculate the remainder when b is divided by f/12 + -6 - 35/(-3).
8
Suppose -494 = -16*j + 3*j. What is the remainder when 127 is divided by j?
13
Let m(x) = 55*x - 32. Calculate the remainder when 44 is divided by m(1).
21
Let d be (-1)/(-4) - (18/8 + 3). Let a(z) = 2*z + 20. What is the remainder when 35 is divided by a(d)?
5
Suppose 9 = 6*b - 33. Calculate the remainder when ((-4)/(10 - 2))/(1/(-48)) is divided by b.
3
Let m = -306 + 431. Let g = m - 77. Calculate the remainder when 94 is divided by g.
46
Let z = 51 - 26. What is the remainder when z is divided by 3?
1
Let s be ((-1)/(-3))/((-1)/(-12)). Let b = 6 - s. Suppose -3*c = b*c - 80. What is the remainder when 45 is divided by c?
13
Let f(w) = -w**3 - 64*w**2 - 74*w - 131. Calculate the remainder when f(-63) is divided by 113.
110
Suppose -5*o - 22 = 7*r - 11*r, 0 = 5*o + 10. What is the remainder when 13 is divided by r?
1
Suppose 4*f - 49 = -3*h, 8*h = 3*h - 3*f + 78. Calculate the remainder when 57 is divided by h.
12
Suppose d = 8*d - 49. Let s = d - -48. What is the remainder when s is divided by 14?
13
Suppose -119 - 19 = -23*l. Suppose 3*z - u = -7, 0 = 4*z - z + u - 1. Let g = z + 11. Calculate the remainder when g is divided by l.
4
Suppose 4*h - 45 - 11 = 0. Let v = -45 - -132. What is the remainder when 3*(-1 + v/9) is divided by h?
12
What is the remainder when 1233 is divided by 9 - 7 - (2 + -15) - 2?
11
Let h(o) = 2*o**2 - o + 8. Calculate the remainder when h(7) is divided by 14.
1
Suppose 0 = 2*q - q - 64. Let m(l) = l**3 + 9*l**2 - 40*l - 26. What is the remainder when q is divided by m(-12)?
20
Suppose -l + 1 = 5*g, -3*l = 2*l - 5. Suppose g = 5*t + 3*x + 1 - 6, -45 = -5*t + 5*x. Calculate the remainder when t is divided by ((-5)/(-3) + -2)*-6.
0
Suppose 8*d = 255 + 209. Calculate the remainder when d is divided by 28.
2
Suppose 3*x + 2*x - 241 = 3*b, 5*b - 178 = -4*x. Calculate the remainder when x is divided by 11.
3
Let f = -4 + 26. Calculate the remainder when 65 is divided by (0 - (-1 - (3 - 3)))*f.
21
Suppose 2*w + 132 = 3*z - 0, 5*z - 245 = -5*w. Calculate the remainder when 126 is divided by z.
34
Calculate the remainder when (-874)/138*(-61 + 2 + 2) is divided by 48.
25
Suppose -3*s + 6*s - 96 = -2*l, 5*s = 0. What is the remainder when l is divided by 10?
8
Suppose -3*w + 61 = -5*k, w + 4*k - 54 = -11. Calculate the remainder when 186 is divided by w.
24
Suppose -5*c - 4*p = -2*c - 258, 366 = 4*c - 2*p. What is the remainder when 535 is divided by c?
85
Suppose i = -5*v + 2780, -3*v + 0*i + 1668 = i. Calculate the remainder when v is divided by 13.
10
Let y(q) = 6*q**2 + 2*q - 12. What is the remainder when y(-9) is divided by 51?
48
Let o be ((-68)/102)/(1/18). Let v = o - -57. Let a = 4 + 8. Calculate the remainder when v is divided by a.
9
Let w(r) = 2*r**2 + 62*r - 38. Calculate the remainder when w(-33) is divided by 51.
4